{"id":22011,"date":"2022-11-20T22:12:18","date_gmt":"2022-11-20T21:12:18","guid":{"rendered":"https:\/\/serwer1760390.home.pl\/mecenas\/?page_id=22011"},"modified":"2023-01-25T12:51:18","modified_gmt":"2023-01-25T11:51:18","slug":"kredyty-frankowe","status":"publish","type":"page","link":"https:\/\/mtmarjanscy.pl\/?page_id=22011","title":{"rendered":"KREDYTY FRANKOWE"},"content":{"rendered":"<p>[vc_row row_type=&#8221;row&#8221; use_row_as_full_screen_section=&#8221;no&#8221; type=&#8221;full_width&#8221; text_align=&#8221;left&#8221; background_animation=&#8221;none&#8221; css_animation=&#8221;&#8221; background_color=&#8221;#ffffff&#8221;][vc_column][vc_row_inner row_type=&#8221;row&#8221; type=&#8221;grid&#8221; use_row_as_full_screen_section_slide=&#8221;no&#8221; text_align=&#8221;left&#8221; padding_top=&#8221;50&#8243; css_animation=&#8221;&#8221;][vc_column_inner width=&#8221;1\/2&#8243;][vc_column_text]<\/p>\n<h2>KREDYTY FRANKOWE<\/h2>\n<p>[\/vc_column_text][vc_separator type=&#8221;transparent&#8221; border_style=&#8221;&#8221; up=&#8221;40&#8243; down=&#8221;0&#8243;][vc_column_text]Kluczow\u0105 specjalizacj\u0105 Kancelarii Radc\u00f3w Prawnych M. T. Marja\u0144scy s.c. jest reprezentowanie kredytobiorc\u00f3w w sprawach dotycz\u0105cych kredyt\u00f3w indeksowanych lub denominowanych do walut obcych (CHF, USD, EUR).<\/p>\n<p>Prowadzimy post\u0119powania s\u0105dowe zmierzaj\u0105ce do ustalenia niewa\u017cno\u015bci um\u00f3w kredytowych lub usuni\u0119cia niedozwolonych klauzul indeksacyjnych (czyli tzw. &#8222;odfrankowienia&#8221; um\u00f3w). W przypadku \u201euniewa\u017cnienia umowy\u201d przez s\u0105d, umowa kredytowa jest traktowana tak, jakby nigdy nie zosta\u0142a zawarta, a bank zobowi\u0105zany jest do oddania kredytobiorcy wszystkich wp\u0142aconych przez niego \u015brodk\u00f3w. Natomiast na skutek \u201eodfrankowienie umowy\u201d przez S\u0105d, klauzule indeksacyjne zostaj\u0105 usuni\u0119te z umowy kredytowej a kredytobiorca uzyskuje zwrot nadp\u0142aconych rat.[\/vc_column_text][vc_separator type=&#8221;transparent&#8221; border_style=&#8221;&#8221; up=&#8221;60&#8243; down=&#8221;0&#8243;][\/vc_column_inner][vc_column_inner width=&#8221;1\/2&#8243;][vc_column_text]<img loading=\"lazy\" decoding=\"async\" class=\"alignnone wp-image-22324 size-full\" src=\"http:\/\/mtmarjanscy.pl\/wp-content\/uploads\/2023\/01\/5-1.jpg\" alt=\"\" width=\"1200\" height=\"800\" srcset=\"https:\/\/mtmarjanscy.pl\/wp-content\/uploads\/2023\/01\/5-1.jpg 1200w, https:\/\/mtmarjanscy.pl\/wp-content\/uploads\/2023\/01\/5-1-480x320.jpg 480w, https:\/\/mtmarjanscy.pl\/wp-content\/uploads\/2023\/01\/5-1-768x512.jpg 768w, https:\/\/mtmarjanscy.pl\/wp-content\/uploads\/2023\/01\/5-1-700x467.jpg 700w, https:\/\/mtmarjanscy.pl\/wp-content\/uploads\/2023\/01\/5-1-1100x733.jpg 1100w\" sizes=\"auto, (max-width: 1200px) 100vw, 1200px\" \/>[\/vc_column_text][vc_separator type=&#8221;transparent&#8221; border_style=&#8221;&#8221; up=&#8221;15&#8243; down=&#8221;0&#8243;][\/vc_column_inner][\/vc_row_inner][\/vc_column][\/vc_row][vc_row row_type=&#8221;row&#8221; use_row_as_full_screen_section=&#8221;no&#8221; type=&#8221;full_width&#8221; text_align=&#8221;left&#8221; background_animation=&#8221;none&#8221; padding_top=&#8221;30&#8243; padding_bottom=&#8221;30&#8243; css_animation=&#8221;&#8221; background_color=&#8221;#f5f5f5&#8243;][vc_column][vc_row_inner row_type=&#8221;row&#8221; type=&#8221;grid&#8221; use_row_as_full_screen_section_slide=&#8221;no&#8221; text_align=&#8221;left&#8221; css_animation=&#8221;&#8221;][vc_column_inner width=&#8221;1\/2&#8243;][vc_column_text]Jednocze\u015bnie z wniesieniem pozwu wnioskujemy dla Klient\u00f3w o udzielenie zabezpieczenia poprzez zawieszenie p\u0142atno\u015bci bie\u017c\u0105cych rat kredytowych do czasu prawomocnego zako\u0144czenia sprawy.[\/vc_column_text][vc_separator type=&#8221;transparent&#8221; border_style=&#8221;&#8221; up=&#8221;15&#8243; down=&#8221;0&#8243;][vc_column_text]W ramach \u015bwiadczonych us\u0142ug dokonujemy bezp\u0142atnej analizy umowy kredytu. Po zawarciu umowy z Kancelari\u0105 wyliczamy wysoko\u015b\u0107 nale\u017cnych roszcze\u0144 oraz przygotowujemy pozew i dalsze pisma procesowe. Reprezentujemy klienta w post\u0119powaniu s\u0105dowym a\u017c do uzyskania prawomocnego wyroku, a w razie potrzeby tak\u017ce w post\u0119powaniu egzekucyjnym przeciwko bankowi.[\/vc_column_text][\/vc_column_inner][vc_column_inner width=&#8221;1\/2&#8243;][vc_column_text]W chwili obecnej prowadzimy sprawy przeciwko nast\u0119puj\u0105cym bankom BPH (w tym by\u0142y GE Money Bank), Deutsche Bank, mBank (w tym by\u0142y BRE Bank), Bank Millennium, Pekao (w tym by\u0142y Bank BPH), PKO BP (w tym by\u0142a Nordea Bank), Raiffeisen (w tym by\u0142y Polbank EFG).[\/vc_column_text][vc_separator type=&#8221;transparent&#8221; border_style=&#8221;&#8221; up=&#8221;15&#8243; down=&#8221;0&#8243;][vc_column_text]Wyr\u00f3\u017cnia nas wysoka jako\u015b\u0107 obs\u0142ugi, przejrzyste zasady rozlicze\u0144 z Klientami, skuteczno\u015b\u0107, do\u015bwiadczenie oraz specjalistyczna wiedza na temat dzia\u0142ania bank\u00f3w zdobyta w trakcie dotychczasowej praktyki. Ca\u0142y czas rozwijamy i rozbudowujemy swoj\u0105 argumentacj\u0119, dostosowuj\u0105c j\u0105 do aktualnych pogl\u0105d\u00f3w orzecznictwa oraz zmieniaj\u0105cych si\u0119 strategii bank\u00f3w.[\/vc_column_text][\/vc_column_inner][\/vc_row_inner][\/vc_column][\/vc_row][vc_row row_type=&#8221;row&#8221; use_row_as_full_screen_section=&#8221;no&#8221; type=&#8221;full_width&#8221; text_align=&#8221;left&#8221; background_animation=&#8221;none&#8221; css_animation=&#8221;&#8221; background_color=&#8221;#ffffff&#8221;][vc_column][vc_row_inner row_type=&#8221;row&#8221; type=&#8221;grid&#8221; use_row_as_full_screen_section_slide=&#8221;no&#8221; text_align=&#8221;left&#8221; padding_top=&#8221;65&#8243; css_animation=&#8221;&#8221;][vc_column_inner][vc_column_text]<\/p>\n<h5><strong>Zapraszamy do kontaktu w celu dokonania bezp\u0142atnej analizy umowy kredytowej.<\/strong><\/h5>\n<p>[\/vc_column_text][\/vc_column_inner][\/vc_row_inner][vc_separator type=&#8221;transparent&#8221; border_style=&#8221;&#8221; up=&#8221;60&#8243; down=&#8221;0&#8243;][\/vc_column][\/vc_row]<\/p>\n","protected":false},"excerpt":{"rendered":"<p>[vc_row row_type=&#8221;row&#8221; use_row_as_full_screen_section=&#8221;no&#8221; type=&#8221;full_width&#8221; text_align=&#8221;left&#8221; background_animation=&#8221;none&#8221; css_animation=&#8221;&#8221; background_color=&#8221;#ffffff&#8221;][vc_column][vc_row_inner row_type=&#8221;row&#8221; type=&#8221;grid&#8221; use_row_as_full_screen_section_slide=&#8221;no&#8221; text_align=&#8221;left&#8221; padding_top=&#8221;50&#8243; css_animation=&#8221;&#8221;][vc_column_inner width=&#8221;1\/2&#8243;][vc_column_text] KREDYTY FRANKOWE [\/vc_column_text][vc_separator type=&#8221;transparent&#8221; border_style=&#8221;&#8221; up=&#8221;40&#8243; down=&#8221;0&#8243;][vc_column_text]Kluczow\u0105 specjalizacj\u0105 Kancelarii Radc\u00f3w Prawnych M. T. Marja\u0144scy s.c. jest reprezentowanie kredytobiorc\u00f3w w sprawach dotycz\u0105cych kredyt\u00f3w indeksowanych lub denominowanych do walut obcych (CHF, USD,&#8230;<\/p>\n","protected":false},"author":1,"featured_media":0,"parent":19080,"menu_order":0,"comment_status":"closed","ping_status":"closed","template":"full_width.php","meta":{"footnotes":""},"class_list":["post-22011","page","type-page","status-publish","hentry"],"_links":{"self":[{"href":"https:\/\/mtmarjanscy.pl\/index.php?rest_route=\/wp\/v2\/pages\/22011","targetHints":{"allow":["GET"]}}],"collection":[{"href":"https:\/\/mtmarjanscy.pl\/index.php?rest_route=\/wp\/v2\/pages"}],"about":[{"href":"https:\/\/mtmarjanscy.pl\/index.php?rest_route=\/wp\/v2\/types\/page"}],"author":[{"embeddable":true,"href":"https:\/\/mtmarjanscy.pl\/index.php?rest_route=\/wp\/v2\/users\/1"}],"replies":[{"embeddable":true,"href":"https:\/\/mtmarjanscy.pl\/index.php?rest_route=%2Fwp%2Fv2%2Fcomments&post=22011"}],"version-history":[{"count":6,"href":"https:\/\/mtmarjanscy.pl\/index.php?rest_route=\/wp\/v2\/pages\/22011\/revisions"}],"predecessor-version":[{"id":22429,"href":"https:\/\/mtmarjanscy.pl\/index.php?rest_route=\/wp\/v2\/pages\/22011\/revisions\/22429"}],"up":[{"embeddable":true,"href":"https:\/\/mtmarjanscy.pl\/index.php?rest_route=\/wp\/v2\/pages\/19080"}],"wp:attachment":[{"href":"https:\/\/mtmarjanscy.pl\/index.php?rest_route=%2Fwp%2Fv2%2Fmedia&parent=22011"}],"curies":[{"name":"wp","href":"https:\/\/api.w.org\/{rel}","templated":true}]}}