{"id":21998,"date":"2022-11-20T21:37:46","date_gmt":"2022-11-20T20:37:46","guid":{"rendered":"https:\/\/serwer1760390.home.pl\/mecenas\/?page_id=21998"},"modified":"2023-01-25T12:45:36","modified_gmt":"2023-01-25T11:45:36","slug":"obsluga-prawna-firm","status":"publish","type":"page","link":"https:\/\/mtmarjanscy.pl\/?page_id=21998","title":{"rendered":"OBS\u0141UGA PRAWNA FIRM"},"content":{"rendered":"<p>[vc_row row_type=&#8221;row&#8221; use_row_as_full_screen_section=&#8221;no&#8221; type=&#8221;full_width&#8221; text_align=&#8221;left&#8221; background_animation=&#8221;none&#8221; css_animation=&#8221;&#8221; background_color=&#8221;#ffffff&#8221;][vc_column][vc_row_inner row_type=&#8221;row&#8221; type=&#8221;grid&#8221; use_row_as_full_screen_section_slide=&#8221;no&#8221; text_align=&#8221;left&#8221; padding_top=&#8221;50&#8243; css_animation=&#8221;&#8221;][vc_column_inner width=&#8221;1\/2&#8243;][vc_column_text]<img loading=\"lazy\" decoding=\"async\" class=\"alignnone wp-image-22321 size-full\" src=\"http:\/\/mtmarjanscy.pl\/wp-content\/uploads\/2023\/01\/iocenters-2673316_1920-1.jpg\" alt=\"\" width=\"1200\" height=\"800\" srcset=\"https:\/\/mtmarjanscy.pl\/wp-content\/uploads\/2023\/01\/iocenters-2673316_1920-1.jpg 1200w, https:\/\/mtmarjanscy.pl\/wp-content\/uploads\/2023\/01\/iocenters-2673316_1920-1-480x320.jpg 480w, https:\/\/mtmarjanscy.pl\/wp-content\/uploads\/2023\/01\/iocenters-2673316_1920-1-768x512.jpg 768w, https:\/\/mtmarjanscy.pl\/wp-content\/uploads\/2023\/01\/iocenters-2673316_1920-1-700x467.jpg 700w, https:\/\/mtmarjanscy.pl\/wp-content\/uploads\/2023\/01\/iocenters-2673316_1920-1-1100x733.jpg 1100w\" sizes=\"auto, (max-width: 1200px) 100vw, 1200px\" \/>[\/vc_column_text][vc_separator type=&#8221;transparent&#8221; border_style=&#8221;&#8221; up=&#8221;60&#8243; down=&#8221;0&#8243;][\/vc_column_inner][vc_column_inner width=&#8221;1\/2&#8243;][vc_separator type=&#8221;transparent&#8221; border_style=&#8221;&#8221; up=&#8221;60&#8243; down=&#8221;0&#8243;][vc_column_text]<\/p>\n<h2>OBS\u0141UGA PRAWNA FIRM<\/h2>\n<p>[\/vc_column_text][vc_separator type=&#8221;transparent&#8221; border_style=&#8221;&#8221; up=&#8221;40&#8243; down=&#8221;0&#8243;][vc_column_text]Zesp\u00f3\u0142 Kancelarii Radc\u00f3w Prawnych M. T. Marja\u0144scy s.c. od wielu lat \u015bwiadczy us\u0142ugi z zakresu kompleksowej obs\u0142ugi prawnej podmiot\u00f3w gospodarczych. Wspieramy przedsi\u0119biorc\u00f3w na wszystkich etapach prowadzonej przez nich dzia\u0142alno\u015bci. Pomoc prawna udzielana przez Kancelari\u0119 jest zawsze dostosowana do specyfiki dzia\u0142alno\u015bci Klienta. Pomagamy w\u00a0sytuacjach kryzysowych a tak\u017ce\u00a0prowadzimy sta\u0142\u0105 obs\u0142ug\u0119 prawn\u0105 firm.[\/vc_column_text][\/vc_column_inner][\/vc_row_inner][\/vc_column][\/vc_row][vc_row row_type=&#8221;row&#8221; use_row_as_full_screen_section=&#8221;no&#8221; type=&#8221;full_width&#8221; text_align=&#8221;left&#8221; background_animation=&#8221;none&#8221; padding_top=&#8221;30&#8243; padding_bottom=&#8221;30&#8243; css_animation=&#8221;&#8221; background_color=&#8221;#f5f5f5&#8243;][vc_column][vc_row_inner row_type=&#8221;row&#8221; type=&#8221;grid&#8221; use_row_as_full_screen_section_slide=&#8221;no&#8221; text_align=&#8221;left&#8221; css_animation=&#8221;&#8221;][vc_column_inner][vc_column_text]<\/p>\n<h5><strong>Zakres us\u0142ug prawnych \u015bwiadczonych na rzecz przedsi\u0119biorc\u00f3w:<\/strong><\/h5>\n<p>[\/vc_column_text][vc_separator type=&#8221;transparent&#8221; border_style=&#8221;&#8221; up=&#8221;15&#8243; down=&#8221;0&#8243;][vc_column_text]<\/p>\n<ol>\n<li><strong>za\u0142o\u017cenie sp\u00f3\u0142ki \u2013 <\/strong>pomagamy w zakresie przygotowywania umowy sp\u00f3\u0142ki dostosowanej do potrzeb konkretnego Klienta, przygotowujemy inne dokumenty niezb\u0119dne do zarejestrowania sp\u00f3\u0142ki, doprowadzamy do zarejestrowania sp\u00f3\u0142ki w Krajowym Rejestrze S\u0105dowym i rozpocz\u0119cia dzia\u0142alno\u015bci przez Klienta;<\/li>\n<li><strong>bie\u017c\u0105ca obs\u0142uga korporacyjna sp\u00f3\u0142ki,<\/strong> w tym w szczeg\u00f3lno\u015bci: przygotowywanie zmian umowy sp\u00f3\u0142ki, dokument\u00f3w zwi\u0105zanych ze zgromadzeniami wsp\u00f3lnik\u00f3w\/akcjonariuszy, posiedzeniami zarz\u0105d\u00f3w, rad nadzorczych, przygotowywanie akt\u00f3w wewn\u0119trznych reguluj\u0105cych funkcjonowanie organ\u00f3w sp\u00f3\u0142ki, dokument\u00f3w dotycz\u0105cych podwy\u017cszania\/obni\u017cania kapita\u0142u zak\u0142adowego sp\u00f3\u0142ki, emisji akcji, wy\u0142\u0105czenia wsp\u00f3lnika, umorzenia udzia\u0142\u00f3w, przygotowywanie uchwa\u0142 organ\u00f3w sp\u00f3\u0142ki, umowy sprzeda\u017cy udzia\u0142\u00f3w\/akcji, jak r\u00f3wnie\u017c przygotowywanie stosownych wniosk\u00f3w do Krajowego Rejestru S\u0105dowego dotycz\u0105cych zmian wymagaj\u0105cych rejestracji, zg\u0142oszenie sprawozdania finansowego do Repozytorium Dokument\u00f3w Finansowych;<\/li>\n<li><strong>sporz\u0105dzanie um\u00f3w, <\/strong>opiniowanie um\u00f3w przedstawionych przez Klienta, negocjowanie um\u00f3w w imieniu Klienta;<\/li>\n<li><strong>reprezentowanie w post\u0119powaniach s\u0105dowych oraz pozas\u0105dowych,<\/strong> w\u00a0 tym w szczeg\u00f3lno\u015bci opracowywanie skutecznej strategii procesowej oraz optymalnych dla Klienta rozwi\u0105za\u0144 w sporach s\u0105dowych i pozas\u0105dowych, oferujemy pomoc prawn\u0105 w mediacjach oraz negocjacjach przeds\u0105dowych oraz zast\u0119pstwo procesowe przed s\u0105dami wszystkich instancji na terenie ca\u0142ego kraju, zast\u0119pstwo przed organami egzekucyjnymi, organami administracyjnymi, S\u0105dem Najwy\u017cszym oraz Naczelnym S\u0105dem Administracyjnym;<\/li>\n<li><strong>obs\u0142uga zgromadze\u0144 wsp\u00f3lnik\u00f3w\/akcjonariuszy,<\/strong> w \u00a0tym w szczeg\u00f3lno\u015bci przygotowywanie dokument\u00f3w zwi\u0105zanych ze zgromadzeniami zwyczajnymi oraz nadzwyczajnymi (zaproszenia za zgromadzenie, tekst og\u0142oszenia o zgromadzeniu w MSiG, porz\u0105dek obrad, projekty uchwa\u0142, projekty protoko\u0142\u00f3w) koordynacja i prowadzenie posiedze\u0144 organ\u00f3w sp\u00f3\u0142ki, protoko\u0142owanie posiedze\u0144 i uchwa\u0142 podj\u0119tych przez organy sp\u00f3\u0142ki, przygotowanie dokument\u00f3w niezb\u0119dnych do z\u0142o\u017cenia w Krajowym Rejestrze S\u0105dowym;<\/li>\n<li><strong>przekszta\u0142cenia, \u0142\u0105czenie, podzia\u0142, przej\u0119cia sp\u00f3\u0142ek,<\/strong> w tym w szczeg\u00f3lno\u015bci przeprowadzanie audytu prawnego (due dilligence) sp\u00f3\u0142ek prawa handlowego, doradztwo w wyborze optymalnego rozwi\u0105zania prawno-podatkowego, wsparcie w negocjacjach dotycz\u0105cych warunk\u00f3w przygotowywanych proces\u00f3w przekszta\u0142ceniowych, przygotowanie niezb\u0119dnych dokument\u00f3w zwi\u0105zanych z procesem, wsparcie dzia\u0142a\u0144 informacyjnych skierowanych do pracownik\u00f3w oraz kontrahent\u00f3w, obs\u0142uga post\u0119powania rejestrowego;<\/li>\n<li><strong>spory korporacyjne\/spory wsp\u00f3lnik\u00f3w <\/strong>\u2013 wspieramy Klient\u00f3w w post\u0119powaniach wynikaj\u0105cych m.in. z konflikt\u00f3w pomi\u0119dzy wsp\u00f3lnikami sp\u00f3\u0142ki, jej organami oraz sam\u0105 sp\u00f3\u0142k\u0105, oferujemy pomoc prawn\u0105 w rozwi\u0105zywaniu spor\u00f3w wewn\u0119trznych w sp\u00f3\u0142ce, jak r\u00f3wnie\u017c spor\u00f3w, kt\u00f3rych stron\u0105 jest by\u0142y wsp\u00f3lnik, pomagamy w sprawach dotycz\u0105cych wy\u0142\u0105czenia wsp\u00f3lnika ze sp\u00f3\u0142ki, w procesie wykupu akcjonariusza mniejszo\u015bciowego, dochodzenia nale\u017cno\u015bci od cz\u0142onk\u00f3w zarz\u0105du sp\u00f3\u0142ek handlowych, czy te\u017c w sporach powsta\u0142ych w zwi\u0105zku z naruszeniem zakazu konkurencji oraz w post\u0119powaniach dotycz\u0105cych zaskar\u017cania uchwa\u0142 organ\u00f3w sp\u00f3\u0142ki;<\/li>\n<li><strong>likwidacja sp\u00f3\u0142ek &#8211; <\/strong>pomagamy na ka\u017cdym etapie post\u0119powania likwidacyjnego, tj. od zg\u0142oszenia likwidacji do s\u0105du rejestrowego, przez przygotowanie odpowiednich dokument\u00f3w i podj\u0119cie okre\u015blonych dzia\u0142a\u0144 (m.in. zako\u0144czenie bie\u017c\u0105cych spraw sp\u00f3\u0142ki) a\u017c po wniosek o wykre\u015blenie sp\u00f3\u0142ki z rejestru; pomagamy przeprowadzi\u0107 likwidacj\u0119 sp\u00f3\u0142ek zar\u00f3wno osobowych jak i kapita\u0142owych;<\/li>\n<li><strong>post\u0119powania restrukturyzacyjne i upad\u0142o\u015bciowe &#8211; <\/strong>pomagamy na ka\u017cdym etapie post\u0119powania \u2013 doradzamy w zakresie post\u0119powa\u0144 restrukturyzacyjnych oraz post\u0119powa\u0144 upad\u0142o\u015bciowych dla przedsi\u0119biorc\u00f3w niewyp\u0142acalnych lub zagro\u017conych niewyp\u0142acalno\u015bci\u0105 jak i wierzycieli dochodz\u0105cych swoich praw; analizujemy sytuacj\u0119 prawn\u0105 Klient\u00f3w pod k\u0105tem istnienia przes\u0142anek niewyp\u0142acalno\u015bci oraz zwi\u0105zanych z tym zagro\u017ce\u0144, w tym odpowiedzialno\u015bci organ\u00f3w przedsi\u0119biorcy; zajmujemy si\u0119 doradztwem oraz ochron\u0105 prawn\u0105 cz\u0142onk\u00f3w organ\u00f3w sp\u00f3\u0142ek niewyp\u0142acalnych lub zagro\u017conych niewyp\u0142acalno\u015bci\u0105; oferujemy pomoc prawn\u0105 w zakresie sk\u0142adania wniosk\u00f3w o otwarcie post\u0119powania restrukturyzacyjnego lub og\u0142oszenie upad\u0142o\u015bci oraz reprezentujemy Klient\u00f3w w tych post\u0119powaniach; zapewniamy pomoc w przygotowaniu propozycji uk\u0142adowych, w tym ustaleniu zasad ich realizacji i finansowania, zapewniamy zast\u0119pstwo w trakcie post\u0119powa\u0144, w tym udzia\u0142 w Zgromadzeniach Wierzycieli, Radzie Wierzycieli oraz innych organach, reprezentujemy Klient\u00f3w w post\u0119powaniach dotycz\u0105cych upad\u0142o\u015bci konsumenckiej.<\/li>\n<\/ol>\n<p>[\/vc_column_text][vc_separator type=&#8221;transparent&#8221; border_style=&#8221;&#8221; up=&#8221;15&#8243; down=&#8221;0&#8243;][vc_column_text]Powy\u017cej przedstawili\u015bmy jedynie przyk\u0142adowe i podstawowe us\u0142ugi prawne \u015bwiadczone przez Kancelari\u0119 Radc\u00f3w Prawnych M. T. Marja\u0144scy s.c. w zakresie\u00a0 szeroko rozumianego prawa gospodarczego oraz prawa sp\u00f3\u0142ek. Nasza oferta obejmuje tak\u017ce inne us\u0142ugi, kt\u00f3rych nie spos\u00f3b enumeratywnie wyliczy\u0107.[\/vc_column_text][\/vc_column_inner][\/vc_row_inner][\/vc_column][\/vc_row][vc_row row_type=&#8221;row&#8221; use_row_as_full_screen_section=&#8221;no&#8221; type=&#8221;full_width&#8221; text_align=&#8221;left&#8221; background_animation=&#8221;none&#8221; css_animation=&#8221;&#8221; background_color=&#8221;#ffffff&#8221;][vc_column][vc_row_inner row_type=&#8221;row&#8221; type=&#8221;grid&#8221; use_row_as_full_screen_section_slide=&#8221;no&#8221; text_align=&#8221;left&#8221; padding_top=&#8221;65&#8243; css_animation=&#8221;&#8221;][vc_column_inner][vc_column_text]<\/p>\n<h5><strong>Zach\u0119camy do skorzystania z us\u0142ug naszej Kancelarii i zapraszamy do kontaktu.<\/strong><\/h5>\n<p>[\/vc_column_text][\/vc_column_inner][\/vc_row_inner][vc_separator type=&#8221;transparent&#8221; border_style=&#8221;&#8221; up=&#8221;60&#8243; down=&#8221;0&#8243;][\/vc_column][\/vc_row]<\/p>\n","protected":false},"excerpt":{"rendered":"<p>[vc_row row_type=&#8221;row&#8221; use_row_as_full_screen_section=&#8221;no&#8221; type=&#8221;full_width&#8221; text_align=&#8221;left&#8221; background_animation=&#8221;none&#8221; css_animation=&#8221;&#8221; background_color=&#8221;#ffffff&#8221;][vc_column][vc_row_inner row_type=&#8221;row&#8221; type=&#8221;grid&#8221; use_row_as_full_screen_section_slide=&#8221;no&#8221; text_align=&#8221;left&#8221; padding_top=&#8221;50&#8243; css_animation=&#8221;&#8221;][vc_column_inner width=&#8221;1\/2&#8243;][vc_column_text][\/vc_column_text][vc_separator type=&#8221;transparent&#8221; border_style=&#8221;&#8221; up=&#8221;60&#8243; down=&#8221;0&#8243;][\/vc_column_inner][vc_column_inner width=&#8221;1\/2&#8243;][vc_separator type=&#8221;transparent&#8221; border_style=&#8221;&#8221; up=&#8221;60&#8243; down=&#8221;0&#8243;][vc_column_text] OBS\u0141UGA PRAWNA FIRM [\/vc_column_text][vc_separator type=&#8221;transparent&#8221; border_style=&#8221;&#8221; up=&#8221;40&#8243; down=&#8221;0&#8243;][vc_column_text]Zesp\u00f3\u0142 Kancelarii Radc\u00f3w Prawnych M. T. Marja\u0144scy s.c. od wielu lat \u015bwiadczy us\u0142ugi z&#8230;<\/p>\n","protected":false},"author":1,"featured_media":0,"parent":19080,"menu_order":0,"comment_status":"closed","ping_status":"closed","template":"full_width.php","meta":{"footnotes":""},"class_list":["post-21998","page","type-page","status-publish","hentry"],"_links":{"self":[{"href":"https:\/\/mtmarjanscy.pl\/index.php?rest_route=\/wp\/v2\/pages\/21998","targetHints":{"allow":["GET"]}}],"collection":[{"href":"https:\/\/mtmarjanscy.pl\/index.php?rest_route=\/wp\/v2\/pages"}],"about":[{"href":"https:\/\/mtmarjanscy.pl\/index.php?rest_route=\/wp\/v2\/types\/page"}],"author":[{"embeddable":true,"href":"https:\/\/mtmarjanscy.pl\/index.php?rest_route=\/wp\/v2\/users\/1"}],"replies":[{"embeddable":true,"href":"https:\/\/mtmarjanscy.pl\/index.php?rest_route=%2Fwp%2Fv2%2Fcomments&post=21998"}],"version-history":[{"count":9,"href":"https:\/\/mtmarjanscy.pl\/index.php?rest_route=\/wp\/v2\/pages\/21998\/revisions"}],"predecessor-version":[{"id":22425,"href":"https:\/\/mtmarjanscy.pl\/index.php?rest_route=\/wp\/v2\/pages\/21998\/revisions\/22425"}],"up":[{"embeddable":true,"href":"https:\/\/mtmarjanscy.pl\/index.php?rest_route=\/wp\/v2\/pages\/19080"}],"wp:attachment":[{"href":"https:\/\/mtmarjanscy.pl\/index.php?rest_route=%2Fwp%2Fv2%2Fmedia&parent=21998"}],"curies":[{"name":"wp","href":"https:\/\/api.w.org\/{rel}","templated":true}]}}